and 4556.
268
Calculate the highest common factor of 175 and 81767.
7
What is the greatest common divisor of 626 and 202?
2
Calculate the greatest common divisor of 1908920 and 20.
20
Calculate the greatest common divisor of 53958 and 3.
3
What is the highest common factor of 37 and 204425?
37
What is the highest common factor of 176 and 3718?
22
What is the highest common divisor of 523960 and 40?
40
What is the greatest common divisor of 25926 and 18?
6
Calculate the highest common factor of 261 and 6633.
9
What is the greatest common factor of 267 and 119883?
267
Calculate the greatest common factor of 47163 and 19434.
237
What is the highest common divisor of 226413 and 99?
99
Calculate the greatest common divisor of 25 and 186325.
25
What is the greatest common divisor of 604386 and 54?
18
Calculate the highest common factor of 38218 and 5319.
197
What is the greatest common divisor of 7650 and 22680?
90
What is the greatest common divisor of 109500 and 9344?
292
What is the highest common factor of 114091 and 271?
271
What is the highest common factor of 106 and 216028?
106
What is the highest common divisor of 3664 and 67097?
229
Calculate the highest common divisor of 671 and 7137.
61
What is the greatest common divisor of 88 and 9119?
11
Calculate the highest common divisor of 5200 and 81575.
325
Calculate the highest common factor of 16416 and 2907.
171
What is the greatest common divisor of 407580 and 72?
12
Calculate the greatest common divisor of 61999 and 476.
119
What is the highest common divisor of 1288779 and 39925?
1597
What is the greatest common factor of 576264 and 312?
312
What is the highest common divisor of 41778 and 594?
198
Calculate the highest common factor of 3 and 59694.
3
What is the highest common factor of 3003 and 2821?
91
Calculate the greatest common divisor of 325885 and 105.
35
Calculate the greatest common divisor of 1023 and 111903.
33
What is the highest common divisor of 27328 and 13552?
112
Calculate the highest common factor of 873 and 77018.
97
What is the highest common factor of 128 and 53520?
16
What is the highest common factor of 2145 and 529485?
165
Calculate the greatest common divisor of 3792 and 82416.
48
What is the greatest common factor of 1431108 and 20412?
2268
Calculate the greatest common factor of 10635 and 11760.
15
Calculate the highest common divisor of 28 and 71264.
4
Calculate the highest common factor of 3300 and 878100.
300
Calculate the greatest common divisor of 28 and 280516.
4
What is the highest common divisor of 3143 and 21?
7
Calculate the highest common divisor of 2037 and 7455.
21
Calculate the highest common divisor of 14028 and 84.
84
Calculate the greatest common factor of 612 and 647428.
68
Calculate the greatest common divisor of 20 and 18068.
4
Calculate the highest common divisor of 3590 and 3260.
10
What is the greatest common factor of 35632 and 1360?
272
Calculate the greatest common factor of 11592 and 30.
6
What is the highest common divisor of 5331930 and 60?
30
What is the greatest common divisor of 405 and 2423385?
135
Calculate the highest common factor of 1098000 and 8.
8
What is the greatest common divisor of 626878 and 14?
14
What is the highest common factor of 641524 and 2628?
292
Calculate the greatest common factor of 4433 and 65.
13
What is the highest common divisor of 180220 and 40?
20
Calculate the highest common factor of 654 and 45998.
218
What is the highest common factor of 75873 and 63?
21
What is the greatest common divisor of 190368 and 36?
36
Calculate the greatest common factor of 183 and 8178453.
183
What is the greatest common factor of 19581 and 144021?
183
What is the greatest common factor of 765 and 22032?
153
Calculate the greatest common divisor of 4 and 19828.
4
Calculate the highest common divisor of 101450 and 725.
25
Calculate the highest common factor of 7452 and 75816.
324
Calculate the highest common factor of 208746 and 8.
2
Calculate the greatest common divisor of 93982 and 2192.
274
What is the highest common divisor of 10557 and 3?
3
What is the greatest common factor of 19942 and 12685?
59
What is the greatest common factor of 7313797 and 73?
73
Calculate the greatest common divisor of 8769 and 948.
237
Calculate the highest common divisor of 8022 and 27886.
382
What is the greatest common factor of 18 and 2304?
18
What is the highest common divisor of 5520 and 336?
48
What is the highest common divisor of 2867940 and 1356?
1356
What is the highest common divisor of 493394 and 902?
902
Calculate the highest common divisor of 864 and 242244.
108
Calculate the greatest common factor of 32 and 44064.
32
What is the greatest common divisor of 3151 and 15481?
137
Calculate the greatest common factor of 7967 and 2511.
31
What is the highest common factor of 4550 and 10675?
175
Calculate the highest common divisor of 195 and 78.
39
What is the highest common divisor of 56 and 5608?
8
What is the greatest common divisor of 40 and 11535?
5
Calculate the highest common factor of 7 and 6257.
1
What is the greatest common divisor of 18963 and 21?
21
What is the highest common factor of 650 and 30238?
26
What is the highest common divisor of 3824 and 15535?
239
Calculate the highest common divisor of 572 and 631202.
286
What is the greatest common divisor of 15 and 51120?
15
What is the highest common divisor of 24056 and 744?
248
What is the greatest common divisor of 459943 and 11?
11
Calculate the greatest common divisor of 2835 and 29484.
567
Calculate the greatest common divisor of 35 and 1046325.
35
What is the highest common factor of 45468 and 3456?
108
Calculate the highest common factor of 55630 and 10.
10
Calculate the highest common divisor of 731 and 165937.
731
Calculate the highest common factor of 333 and 10260.
9
What is the highest common divisor of 10237 and 348?
29
Calculate the highest common divisor of 5001785 and 5.
5
Calculate the greatest common divisor of 27742 and 3289.
143
What is the highest common divisor of 5865 and 3145?
85
Calculate the highest common divisor of 2096 and 1104.
16
Calculate the greatest common factor of 1453615 and 215.
215
Calculate the greatest common factor of 1664951 and 57.
19
What is the greatest common divisor of 675 and 25025?
25
What is the greatest common divisor of 18 and 37602?
18
Calculate the greatest common divisor of 48 and 1241976.
24
What is the greatest common factor of 3231 and 41644?
359
Calculate the greatest common factor of 112 and 1526.
14
What is the highest common divisor of 30941 and 47?
1
What is the greatest common divisor of 87 and 16503?
3
Calculate the greatest common factor of 11718 and 12663.
189
What is the highest common divisor of 27470 and 35510?
670
What is the greatest common factor of 1691 and 22873?
89
Calculate the highest common divisor of 2223 and 32890.
13
What is the highest common divisor of 4502 and 14?
2
What is the highest common divisor of 16 and 6709040?
16
What is the greatest common factor of 27 and 70848?
27
What is the greatest common divisor of 121 and 3223?
11
Calculate the highest common divisor of 1756 and 132.
4
What is the greatest common factor of 16263 and 18?
9
What is the greatest common factor of 543 and 225888?
543
What is the greatest common factor of 602 and 878?
2
Calculate the greatest common factor of 45 and 107343.
9
Calculate the highest common factor of 309522 and 6162.
474
Calculate the greatest common factor of 87552 and 9804.
228
Calculate the greatest common divisor of 180328 and 16.
8
What is the highest common factor of 520 and 8645?
65
What is the highest common factor of 796 and 4179?
199
What is the greatest common factor of 1376 and 6966?
86
What is the greatest common divisor of 72 and 2775?
3
What is the greatest common factor of 1720 and 87376?
344
What is the greatest common divisor of 5888 and 9936?
368
Calculate the greatest common factor of 1092 and 4452.
84
What is the greatest common factor of 21620 and 35015?
235
Calculate the greatest common factor of 36 and 2216124.
36
Calculate the greatest common factor of 338 and 7878.
26
Calculate the greatest common factor of 62032 and 512.
16
Calculate the greatest common factor of 2653 and 301.
7
Calculate the greatest common facto